0 = 2*o + 4*l, -20 = m*l. What is the tens digit of o?
1
Let j = 434 - 219. Let c = j + -136. Suppose 0*w + 5*b = -w + c, -142 = -2*w - 2*b. What is the tens digit of w?
6
What is the units digit of 295*(36/(-144))/(22269/7428 - 3)?
1
Let z(b) = 177*b - 938. Let f(w) = 35*w - 188. Let y(o) = -11*f(o) + 2*z(o). What is the thousands digit of y(-32)?
1
Let z(w) = -248 - 4*w**3 + 228 - 2*w + 3*w**3 - 15*w**2. Let c be z(-15). Suppose c = y - 43. What is the tens digit of y?
5
Let k = 4 + -2. Suppose -g - k*g = -g. Let o(p) = -3*p + 50. What is the units digit of o(g)?
0
Let x = -2380 - -9612. What is the units digit of x?
2
Suppose 0 = -2*y - 5*c + 46, -5*y + 33 = 3*c - 63. Suppose 0 = -y*g - 3*g + 756. What is the units digit of g?
6
Let a be (4/10)/((-2)/30). Let n be a/(-21) - (-5)/(35/2301). Let d = n - 223. What is the hundreds digit of d?
1
Let j = -27411 - -37772. What is the hundreds digit of j?
3
Let x = 84 + -385. Let z = 544 + x. Suppose -q + v + z = 0, 515 - 1746 = -5*q + v. What is the tens digit of q?
4
Let f(m) be the second derivative of -5/6*m**3 + 0 - 13/2*m**2 + 19/12*m**4 - 40*m - 1/20*m**5. What is the tens digit of f(18)?
2
Let c = 1 - -1. Let r(b) = -40*b**2 + 8*b**c + 2*b**3 - 3*b**3 + 33 + 9*b + 13*b**2. What is the tens digit of r(-20)?
5
Suppose -585 = 5*v + 5*w - 0*w, 2*w + 122 = -v. What is the tens digit of (-1 - 15471/(-21)) + (-32)/v?
3
Let c be 2 - (-9 + (-182)/7). Suppose 4*g - c = 59. What is the tens digit of g?
2
Let z(x) = 61*x**2 + 85*x + 1001. What is the tens digit of z(34)?
0
Let z(i) = 37*i**2 + 56*i + 1324. What is the tens digit of z(-25)?
4
Suppose 14242 = 4*r + q, 5*r = -912*q + 916*q + 17792. What is the units digit of r?
0
Suppose 388*t - 615669 = 8319971. What is the thousands digit of t?
3
Let i = -2022 + 8793. What is the units digit of i?
1
Let c be (-3 + 2 + 1043)/2. Suppose 64*d + 4*x - 13 = 61*d, -4*d = 5*x - 17. Suppose d*v + 2*j - 792 = -0*v, c = 2*v - j. What is the units digit of v?
2
Suppose h = d - 8, -5*d + 2*h - 5 + 33 = 0. Let v(q) = -7*q**2 + 4*q**3 - 10*q - 8 - d*q**3 + q**3 + 14*q. What is the units digit of v(8)?
8
Suppose -10*p = -0*p + 3*p - 68575. What is the thousands digit of p?
5
Let g be (-39)/15 + 24/40. What is the hundreds digit of (0 - g - -4) + (60 - -86)?
1
Suppose 2*l + 77 = 4*b - l, -b - 3*l + 38 = 0. Suppose 0 = -b*a + 27*a. What is the units digit of -11*(-1 - a/1)?
1
Let w = 924 + 5214. What is the thousands digit of w?
6
Let x = 224 - -401. Let q = x - 316. What is the tens digit of q?
0
Let z = -2561 + 105. What is the thousands digit of z*12/24*1/(-1)?
1
Let u(b) = 3*b - 6*b - 28*b + 4 + 0. Let h(d) = -d - 1. Let y(m) = -4*h(m) + u(m). What is the tens digit of y(-2)?
6
Suppose 2*x + 16*x - 123440 = -2*x. What is the tens digit of x?
7
Suppose 2*p - 3*c - 14 = 29, 5*c + 15 = 0. Suppose -2*a = 2*v - 4 - 18, -2*a = -10. What is the units digit of (p/1)/(v/5 + -1)?
5
Let b(o) = -40*o + 76. Let u be b(-7). Suppose -3*d + 1415 + u = 5*f, 0 = 4*f - d - 1410. What is the tens digit of f?
5
What is the tens digit of (-1709)/(96/(-18) + 5)?
2
Let x(q) = -q**3 - 7*q**2 + 18*q - 2. Let v = -69 + 60. Let a be x(v). What is the hundreds digit of (4 + a + (1 - 50))*-4?
1
Suppose 0 = -2*z - 4*d + 808, 0 = -13*d + 10*d - 6. Let s = z + -217. What is the tens digit of s?
9
Suppose 80*r + 9551472 = 342*r. What is the hundreds digit of r?
4
Let t(i) = -3386*i - 801. What is the tens digit of t(-1)?
8
Suppose 5*b - 31 = -16. Let y be (1 - b)*(-1 - (-19)/(-2)). Let t = 133 - y. What is the hundreds digit of t?
1
What is the units digit of -9 + ((-21)/(-9))/((-3)/(-52362))?
7
Let l(f) be the first derivative of -23*f**3/6 - 39*f**2/2 + 11*f + 25. Let i(r) be the first derivative of l(r). What is the units digit of i(-5)?
6
Suppose -4*s + 10*y = 11*y - 160, 189 = 5*s + 4*y. Suppose -18468 = -50*r + s*r. What is the thousands digit of r?
2
Let u(s) = -96*s + 382. Let c be u(4). Let l(f) = f**2 - 1. Let k be l(-1). What is the hundreds digit of (107 + k - (1 - 4)) + c?
1
Let p = 4871 - 3196. Suppose 0 = -7*o + 9*o - 2*x - 678, p = 5*o + 5*x. What is the units digit of o?
7
Let y = 12024 + -5227. What is the hundreds digit of y?
7
Let a(r) = r**2 + 14*r - 13. Let o be a(-15). What is the units digit of o/2 + (74 - 3)?
2
Let x be (-10860)/(-20)*1*6/9. What is the tens digit of (x - -25) + 10/2?
9
Let x(y) = 2*y**3 - 4*y**2 - 7*y + 7. Let i be x(-3). Let v = 83 - i. What is the hundreds digit of v?
1
Let n(z) = -648*z + 3537. What is the thousands digit of n(-19)?
5
Suppose 4378 - 13541 = -q. What is the tens digit of q?
6
Let x = -15 + 14. Let o be 110 - (4 + 3/x). Suppose -38 = m - o. What is the units digit of m?
1
Suppose 112214 = 78*i - 1235396 + 79018. What is the tens digit of i?
6
Let b(n) = 169*n**2 - 3*n - 6. Let g be b(-2). Suppose -6*t = 226 - g. What is the tens digit of t?
7
What is the thousands digit of ((-19)/3 - 7)*(-5)/(-10)*-411?
2
Let g be 284/9 + 20/45. Suppose 72*o = 80*o - g. What is the units digit of o?
4
Let w(l) = 8*l + 2*l**2 - 6*l**2 - 18 + 3*l**2. Let z be w(11). Let u = z - -99. What is the units digit of u?
8
What is the tens digit of 2251744/160 + 21/35?
7
Let z(b) = -b**2 - 32*b - 84. Let x be z(-29). Suppose 2*t - 2*v - 94 = 326, 5*v + 626 = x*t. What is the units digit of t?
2
Let f(l) = -1. Let j(h) = -17*h + 17. Let c = 44 - 43. Let t(q) = c*j(q) + 2*f(q). What is the units digit of t(-10)?
5
What is the tens digit of -125502*7/(-140)*10?
5
Let z(r) = r**3 + 1 - 46*r**2 - 8 + 42*r**2. Let q(l) = l**2 + 19*l - 15. Let g be q(-20). What is the units digit of z(g)?
8
Let a = 122 - 108. What is the tens digit of ((-1674)/15)/((84/(-45))/a)?
3
What is the units digit of 8/(-36) + (-4)/(-180) - 14539575/(-375)?
2
Let b(o) = 1046*o**3 + 15*o**2 + 4*o. What is the ten thousands digit of b(3)?
2
What is the ten thousands digit of (19 + -2)/(29/27347)?
1
Suppose 4*h - h - 2*i - 60 = 0, -h - 2*i = -20. Suppose 270 = -4*a + 3*l - h, -3*l = -2*a - 142. Let x = 58 - a. What is the tens digit of x?
3
Suppose g - 10 = -8. What is the units digit of -28*(-4 + g + 0)?
6
Let d(a) = -19*a**3 + 8*a**2 + 14*a - 14. What is the thousands digit of d(-4)?
1
Suppose -4*s + 22378 = 3*d, -3*d = -2*s - 1816 + 12978. What is the thousands digit of s?
5
Let a be 1285/5 - -1*12/(-3). Let y = a - -16. What is the hundreds digit of y?
2
Let y(z) = 3*z**2 + 20*z + 2. Let a be y(-4). Let h = a + 34. Suppose -h*c + 229 = -91. What is the units digit of c?
0
Let a(j) = -528*j - 1247. What is the thousands digit of a(-24)?
1
Let m(i) = -i**3 + 5*i**2 + 8*i + 6. Let o be m(-2). Let g be 50*(-1 + 7/5). Let a = o + g. What is the tens digit of a?
3
Let x = -98 - -118. Suppose 2968 = -x*f + 27*f. What is the hundreds digit of f?
4
Suppose 2 = -2*u - a, -4*a + 3*a = -3*u + 2. Suppose u = 8*d - 10*d - 658. Let q = d - -461. What is the tens digit of q?
3
Suppose 224 = 4*o - 2*o. Let t = -18 + o. Suppose 0 = -8*x + 10*x - t. What is the tens digit of x?
4
Let t(l) = -7*l**2 - l + 22. Let d(b) = 8*b**2 - 21. Let f(u) = 6*d(u) + 7*t(u). Let z be f(14). What is the tens digit of (z/6 + -3)*-3?
4
What is the units digit of 8/(-80)*5*-39074?
7
Suppose -7*j = 21*j - 246316. What is the hundreds digit of j?
7
What is the tens digit of 745*(6 - (-7)/(-35)*-6)?
6
Suppose 11*g = 16*g - 5. Let p(s) = 1278*s**3 + 2*s**2 - 9*s + 9. What is the hundreds digit of p(g)?
2
Suppose -8*q - 6059 = -15*q - m, -3*q + 2591 = -m. What is the units digit of q?
5
What is the units digit of (-5)/(-45) + 684600/108?
9
Let v = 908 + -284. Suppose 3*z = -5*j + 884, -3*z + v = 3*j + 96. Suppose 12 = 3*m, 0*p + 4*m = -2*p + j. What is the units digit of p?
1
Suppose 59*i - 147*i + 574816 = 0. What is the units digit of i?
2
Let u(w) = 130*w**2 + 11*w + 7. Let q be u(-3). What is the hundreds digit of (q/(-33))/((-1)/3)?
1
Suppose -4*w + 3*q + 1094 = 0, -4*q + 262 = w + q. Suppose -13*f + 8*f - 3*h + w = 0, 5*f + h = 274. What is the units digit of f?
5
Let j = 5213 + -4055. What is the hundreds digit of j?
1
Suppose 32331 = 4*i + 3*w, -4*i + w + 38785 = 6458. What is the units digit of i?
2
Let t(x) = -x**2 - 14*x + 40. Let u = 604 + -620. What is the units digit of t(u)?
8
What is the thousands digit of ((-4)/6)/(228/